ermine u(1).
-15
Let x(v) = v**3 - 4*v**2 + 6*v - 5. Let f be x(3). Suppose t - 5*t + 4 = -4*o, -24 = t + f*o. Let r be 256/(-40) + t/(-10). Let a(m) = 2*m + 3. Determine a(r).
-9
Let m(y) = 16 - y**3 + 8*y**2 - 9*y - 9 + y**2 + 0*y**2. Give m(8).
-1
Let q(c) = c - 1. Let w be (1 - 5)*7/(-1). Let s be (w/6)/((-6)/(-9)). Suppose s + 23 = 5*l. What is q(l)?
5
Let a(o) = -2*o**2 - 4*o - 2. Let n be a(-2). Suppose 27*j = 25*j + 26. Let g(b) = -j + 2*b + 14 + 0*b - 4*b - 2*b**2. What is g(n)?
-3
Let t = -16 - -24. Let i(h) = 38 - t*h - 59 + h**2 + 27. Give i(6).
-6
Let f(j) = -j**2 + 7*j - 1. Suppose 9*m + 12 = -6. Let y be (-7)/m*(-4)/(-2). Determine f(y).
-1
Suppose -j = -4*n + 5 - 2, -j = -5*n + 3. Suppose -15 = -5*b - n. Suppose -l - b*l - 28 = 0. Let k(m) = -m**2 - 6*m + 9. What is k(l)?
2
Let w(k) = -90084 - k + 90078 + 4*k + k**2. What is w(-5)?
4
Let f(y) be the first derivative of y**2/2 - 8*y - 57. Give f(-8).
-16
Let z(b) = -b. Suppose -3*r = r - 20. Suppose -r*g = -7 - 23. Suppose 8*u - g*u = 10. Determine z(u).
-5
Let d be (-2 - 0 - 1) + -3. Let z = 15 - 13. Let i(q) = -8 + q**z - 2 + 6*q + 0*q**2 + 4. What is i(d)?
-6
Let i = 427 - 423. Let b(w) = w**2 - 7*w + 12. What is b(i)?
0
Let z(j) = j**2 - 6*j + 1. Let m(y) = -y + 1. Let t(p) = 3*m(p) - z(p). Let s be t(4). Let h(u) = 4*u + 1. Calculate h(s).
-7
Let y(v) = -10*v - 5. Let n(p) = -68*p - 25. Let r(m) = -2*n(m) + 11*y(m). Give r(-2).
-57
Let p = 15 + -18. Let q be 0 - (75/(-3) - p). Let s(n) = q - 9 + 4*n - 9. Give s(-4).
-12
Let s = 0 + 3. Let w(q) = 3 + 2*q - 4 - 6*q + q**2 + q. Calculate w(s).
-1
Let z(s) = 5459*s**2 + 7 - 7*s - 1 - 5458*s**2. Calculate z(3).
-6
Let r(s) = 3*s - 5. Let w(b) = -b + 2. Let u(i) = 2*r(i) + 5*w(i). Calculate u(-4).
-4
Let s(m) = 25*m. Suppose -9*g + 14*g + 15 = 4*f, -4*f + 20 = 0. Give s(g).
25
Let p(s) = 6*s**2 - 4*s - 3. Let f(g) = g**2 - g. Let n(k) = 5*f(k) - p(k). Let h = 54 - 54. Let x be (-3)/4*(h - 4). Determine n(x).
-9
Suppose 4*x = 120 + 84. Let a = -48 + x. Let y(q) = 3*q - 1. Calculate y(a).
8
Let y(c) = 3*c**3 - 7*c + 6. Let n(t) = -t**3 - t**2. Let p(a) = 6*n(a) - y(a). Let d(x) = -x**3 - x**2 + x - 1. Let m(i) = -6*d(i) + p(i). Calculate m(1).
-2
Let q(y) = y**3 + 4*y**2 - 5*y + 7. Suppose 0*g + 12 = 3*r + 5*g, -r - 5*g = -14. Let w be (-114)/(-27) - (2/9 - 0). Let d = r - w. Give q(d).
7
Let d(m) = -23*m**2 - 13*m - 13. Let w(p) = -10*p**2 - 5*p - 6. Let o(r) = -3*d(r) + 7*w(r). Let f = 4 - 0. Calculate o(f).
-3
Let o(z) = z**2 - 6*z + 10. Let w = -63 - 29. Let j = w + 99. Calculate o(j).
17
Let u(n) = -8*n + 0*n**3 + 629 - 8*n**2 - 637 - n**3. What is u(-7)?
-1
Let j(h) = h + 8. Suppose -3*r = 3, -6*r + 36 = -f - 2*r. Let k(i) = 1. Let u(m) = f*k(m) + 5*j(m). Determine u(-1).
-5
Let f be ((-6)/4)/((-3)/(-18)). Let p be 16/3 + 3/f. Let k(d) be the first derivative of -d**3/3 + 3*d**2/2 - 3*d - 608. What is k(p)?
-13
Let w = 5 - 7. Let b(a) = a**3 - 2*a**2 + 2*a - 1. Let q(l) = l**3 - l**2 + 2*l - 1. Let r(s) = 5*b(s) - 6*q(s). Give r(w).
-3
Let s(h) = h**3 - 7*h**2 + 7*h - 8. Suppose -397 = -2*g - 385. Calculate s(g).
-2
Let j(d) = -d**2 + 24*d - 22. Suppose 109 + 11 = 5*s + 5*r, 3*s - 5*r = 64. Determine j(s).
1
Let m be 3*4/(-9)*-15. Let j be (m/6)/((-12)/(-18)). Suppose i = -i - 3*a, 0 = j*i + a. Let f(z) = -z - 8. What is f(i)?
-8
Let w(j) = -j**3 + 6*j**2 - 6*j + 7. Suppose 3 - 28 = -5*z. Determine w(z).
2
Let y be 8/32 - -15*(-1)/(-4). Suppose 0 = 3*k - 5 - y. Let c(g) be the first derivative of -2*g**3/3 + 3*g**2/2 + 2*g + 2. Give c(k).
-7
Let w(x) = x**2 + 5*x - 1. Let j = 12 + -9. Let o be (9/6)/(j/58). Suppose 73 - o = -4*z - 5*q, z = 2*q + 2. Give w(z).
5
Let b(v) be the third derivative of v**7/630 + v**6/720 + v**5/120 - v**4/4 - v**2. Let o(u) be the second derivative of b(u). Let j = -2 + 1. What is o(j)?
4
Let f(k) be the first derivative of -k**2/2 - 9*k + 307. Give f(-10).
1
Let i(m) = -m + 7. Suppose 129*x = 125*x + 16. Suppose x*z - 5*w = -8 + 49, 5*z - w = 67. What is i(z)?
-7
Let z = -3 - -10. Let t(a) = -5*a**3 - 2*a**2 - a + 10. Let o(d) = -4*d**3 - 3*d**2 + 9. Let c(f) = 6*o(f) - 5*t(f). What is c(z)?
-10
Suppose -5*c + 6*c - 14 = o, 0 = -5*c + o + 66. Let p = -20 + c. Let z(t) = t**2 + 6*t + 3. Calculate z(p).
10
Let s(a) be the second derivative of 7*a**3/3 + 3*a**2/2 + 21*a - 3. Give s(-1).
-11
Let g = -58 - -100. Let r = -42 + g. Let u(f) = -f**2 - f + 4. Determine u(r).
4
Suppose h + 3*u - 8 - 1 = 0, u = -2*h + 18. Let j be (-2)/h + 34/(-9). Let i(c) = -5*c**2 + 5. Let l(q) = q**2 - q. Let k(b) = -i(b) - 4*l(b). What is k(j)?
-5
Let n(o) = -o**3 - 10*o + 10*o - o + o**2. Let d(f) be the first derivative of -5*f**4/4 + 3*f**3 - 11*f**2/2 - 2*f - 1. Let j(c) = d(c) - 6*n(c). Give j(-4).
2
Suppose 0*z - 453 = 5*z - 4*q, -3*q = 2*z + 172. Let n = z + 83. Let p(a) = a + 3. Determine p(n).
-3
Let k(y) be the second derivative of 1/6*y**3 - 3*y + 0*y**2 + 0. Determine k(2).
2
Let n = 0 - 4. Let a(o) be the first derivative of -5*o - 3/2*o**2 - 31. What is a(n)?
7
Let c(l) be the first derivative of -l**4/4 - 2*l**3/3 + l**2/2 + l + 32. Let k be c(1). Let t(x) = 12*x**3 - 2*x**2 + 1. Determine t(k).
-13
Let s(x) = -8*x + 2*x + 10*x - 8 + 0*x. Calculate s(8).
24
Let x(o) = 27*o + 27. Let l be x(-1). Let p be (-3)/2*2/(-3). Let g(v) = v + v + p + 5 + l*v. Calculate g(-6).
-6
Let d(v) = v**3 - 6*v**2 - 6*v + 11. Let l(w) = -3*w**3 + 17*w**2 + 17*w - 33. Let r(k) = -17*d(k) - 6*l(k). Give r(0).
11
Let y = -7 - -9. Let w(r) = 0*r**2 + r**2 - 5*r**2 + 3*r**y + 6*r. Determine w(6).
0
Let d(j) be the second derivative of 9*j**5/20 - j**3/3 - j**2 - 156*j. Give d(-1).
-9
Let y(f) = -f**3 + 11*f**2 + f + 5. Let x(l) = -3*l**3 + 32*l**2 + l + 13. Let s(u) = 3*x(u) - 8*y(u). Calculate s(7).
13
Let o(i) = -i**3 + 4*i**2 - 2*i - 1. Let r be o(2). Let g(w) = -w**2 - r*w - 2*w - 3 - 1. Suppose -2*s = -5*s + 2*u - 13, -3*s - 7 = u. Determine g(s).
2
Let k = -615 - -609. Let r(g) = -4*g - 31. Determine r(k).
-7
Let b = -102 - -66. Let r be (-12)/(-3 - b/16). Let g(q) = r + q - 6 - 9. What is g(6)?
7
Let s(u) = -u**3 + 13. Let m(n) = -n**3 + n**2 + 12. Let v(k) = 6*m(k) - 5*s(k). What is v(6)?
7
Let k(r) = r + 3. Let m(b) = 5*b**2 + 4*b. Let h be m(-5). Let t be (-48)/9*h/(-10). Let d be 14/t - (-26)/(-8). What is k(d)?
0
Let i = -656 + 652. Let p(q) = -q**2 - 6*q - 4. Give p(i).
4
Let w(c) = 2 - 4*c + 3*c - 3. Let m be w(-3). Let o(v) = -1 + 3 - v - v**m - v. Give o(3).
-13
Let w(i) be the third derivative of -i**5/60 - 5*i**4/24 - i**3/6 + 310*i**2. Determine w(-5).
-1
Let m(k) = 9*k**2 - 1. Let y = -28 - -18. Let x be y/(-2) + -1*4. What is m(x)?
8
Let c = -16 + 13. Let f(a) = 7*a + 0*a - 4*a**2 + 3 + 4*a. Let o(j) = -11*j**2 + 32*j + 9. Let r(k) = 17*f(k) - 6*o(k). Give r(c).
-6
Suppose 0 = 5*g + 4*a - 42, -5*g + a + 1 + 26 = 0. Let t(c) = c - 2*c + 2 - 3 - 5. Determine t(g).
-12
Suppose 0 = 2*y - 0*y - 4. Let a be 2/(-5)*(y - 7). Suppose 4*l - a = 2*l. Let t(r) = -10*r**2 - 1. Calculate t(l).
-11
Let r(t) = -8581 - t + 8581. Let o be (-5 - -6)/(2/(-4)). Give r(o).
2
Let a(p) = p**2 - p + 1. Let x(f) = -2*f**2 - 5*f. Let q(b) = -b**2 + b - 5. Let j be q(0). Let t be x(j). Let r = 28 + t. What is a(r)?
7
Suppose 11*p - 71 = 105. Suppose 0 = v + 2*f - 8, 4*v - 2*v + 3*f - 12 = 0. Suppose 2*h - p = -3*m, -3*m + 6 + v = 0. Let i(r) = 2*r - 2. Give i(h).
8
Let l(r) be the third derivative of 0 + 0*r - 1/30*r**5 - 1/6*r**3 - 1/24*r**4 + 7*r**2. Suppose 4*q + 12 = 4. Determine l(q).
-7
Suppose 23*m = 22*m + 13*m. Let q(z) = 4*z + 4. Give q(m).
4
Let l(o) = 9*o - 3. Let t(q) = q**3 - q**2 - 18*q - 9. Let x be t(5). Determine l(x).
6
Let d be (-1)/(-4) - 194/8. Let c be 12/(-30) + d/(-10). Let z(h) = -3*h + 7*h**c - 3 - h**3 - 4*h**2 + 7*h + 2*h. Determine z(4).
5
Let n(j) = -11*j**2 + 3*j - 1. Let a be -3 + 7 - (2 - 6). Let z(d) = 5*d + 17*d**2 - 4*d + 2 - 6*d. Let h(v) = a*n(v) + 5*z(v). Determine h(-2).
-8
Let f(j) = 2*j - 4. Suppose 0*s = y + 4*s - 94, 3*s = 5*y - 470. Let l = y + -89. Calculate f(l).
6
Let w(s) = -16*s + 15*s - 2*s**2 - 28 + 17 + 10. Calculate w(-2).
-7
Let t(k) be the second derivative of -k**3/3 - 8*k**2 + 154*k. Give t(7).
-30
Let r(t) = -3*t**2 - 18*t - 26. Let p(i) = -2*i**2 - 12*i - 17. Let y(l) = 8*